- 5 - 6. Let l(r) = 8*i(r) - 3*n(r). What is l(-6)?
-6
Let t(s) be the third derivative of s**4/4 - s**3/3 - 13*s**2. Calculate t(3).
16
Let j(t) = -t**3 + 6*t**2 - 7. Suppose 3*h + h - 48 = 0. Let z be h*(2 - (-6)/(-4)). What is j(z)?
-7
Let j = 8 - 13. Let q(g) = g - 1. Calculate q(j).
-6
Let l(y) = -3. Let j(o) = 1. Let f(g) = 7*j(g) + 2*l(g). Let x(h) = -h + 3. Let t(w) = -2*f(w) - x(w). Calculate t(6).
1
Let r be -1 + 10/8 + (-6)/24. Let z(x) be the second derivative of r - 1/6*x**3 + 7/2*x**2 + 3*x. What is z(5)?
2
Let c(f) be the first derivative of -f**4/4 - 8*f**3/3 - 9*f**2/2 - 10*f - 2. Determine c(-7).
4
Let j be (-1)/(-4) - 297/(-44). Let v(z) = z**2 - 4*z - 2. Determine v(j).
19
Let h(g) = -2*g**3 - 2*g**2 + 7. Let q(f) = 5*f**3 + 3*f**2 + f - 15. Let p(j) = 7*h(j) + 3*q(j). Give p(4).
0
Suppose 15 = 5*x, -2*x = -5*a - x - 28. Let o(s) be the first derivative of 2*s**2 + 3 + 1/3*s**3 + 0*s. What is o(a)?
5
Let n(w) be the third derivative of -1/2*w**3 + 0 - 1/30*w**5 + 0*w + 1/12*w**4 - w**2. Give n(2).
-7
Let w be 2 + (-6)/(9/(-3)). Let l(k) = -w*k**2 + 10*k**2 + 6 + 0*k**2 - k**3. Determine l(6).
6
Suppose -13*x - 10 = 55. Let v(n) be the first derivative of -n**3/3 - 3*n**2/2 + 7*n + 2. What is v(x)?
-3
Suppose -5*c + 3*p + 11 = -p, -14 = -5*c + p. Let x(m) be the third derivative of 0 + 0*m - 1/24*m**4 + 2*m**2 - 1/6*m**c + 1/30*m**6 + 0*m**5. Calculate x(-1).
-4
Let y(q) be the third derivative of q**4/12 - 2*q**3/3 + 17*q**2. Let t = 0 + 1. Let z(g) = 4*g**2 + g. Let o be z(t). Determine y(o).
6
Suppose l = 5 - 10. Let n(o) = -6*o**3 - 11*o**2 + 2*o - 4. Let y(c) = -5*c**3 - 10*c**2 + c - 5. Let v(q) = l*y(q) + 4*n(q). Give v(-6).
-9
Suppose 0 = 2*f + 3*f + 50. Let d = f + 15. Let n(c) = c**3 - 4*c**2 - 3*c - 6. What is n(d)?
4
Let h(p) be the third derivative of -p**5/120 - p**4/12 - p**3/6 + 4*p**2. Let i(w) be the first derivative of h(w). What is i(2)?
-4
Let z = -3 - -1. Let o(d) be the third derivative of -d**7/1260 - d**6/720 + d**5/6 - 5*d**2. Let c(t) be the third derivative of o(t). What is c(z)?
7
Let g(o) = -o - 3. Let s = 9 - 10. Let t be 40/(-8) - 0/s. Calculate g(t).
2
Let k(p) = p**2 - 9*p + 7. Suppose 4 + 6 = -a - 4*z, 14 = 5*a + 4*z. Give k(a).
-11
Let x(d) be the second derivative of d**4/12 - 2*d**2 + 7*d. Suppose -2*m + 6*m - 2*r - 4 = 0, 5*m - 3*r = 4. Suppose -z + 9 = m*z. Determine x(z).
5
Suppose -q = -4*u + 21, 7*q = 2*q - 5*u + 20. Let y(n) = n + 1. Let o(m) = 9*m + 10. Let p(z) = q*o(z) + 6*y(z). Determine p(3).
-13
Let d(w) = -w**2 - 5*w + 1. Suppose 3*a + 3 + 1 = -q, 2*a + 4 = 0. Suppose -q*c = 3*t + 3 - 1, -3*c - 2 = 5*t. What is d(c)?
5
Let w = 2 + 1. Suppose 20 = k + w*k. Let u(n) = -4 + 5*n + 6*n - 14*n + 2*n**3 - 4*n**2 - n**3. Determine u(k).
6
Let t(s) be the third derivative of s**5/60 - 5*s**4/24 + s**3/3 + 7*s**2. What is t(3)?
-4
Suppose -4*x + 2 = -2. Let m(f) = 5*f - 1. Let w be m(x). Suppose j + w*j + 5 = 5*u, -13 = j + 3*u. Let r(b) = b**3 + 4*b**2 + b + 2. Determine r(j).
-2
Let a be (-2)/8 + (-21)/(-4). Let s(j) = j - 5. Let b be s(a). Let d(t) = -3 + 0 - 2*t - 3*t + 4*t. Determine d(b).
-3
Let o(t) = 6 + 7 - t**2 + 3 - 17 - 8*t. Give o(-5).
14
Let d be 6/(-4) - (-5)/(-10). Let x(w) = 2*w**2 - 4*w + 1. Let p(b) = 3*b**2 - 9*b + 2. Let y(m) = d*p(m) + 5*x(m). Calculate y(1).
3
Let x(n) = n**3 - 7*n**2 + 5*n + 2. Let r(s) be the third derivative of -s**5/30 + s**4/8 - 2*s**3/3 + s**2. Let l be r(4). Let t be 28/(-8)*l/14. What is x(t)?
-4
Let f = 6 - 9. Let r be (1/f)/(1/3). Let k(w) = -w - 1. Let j(b) = 2*b + 3. Let l(q) = j(q) + 3*k(q). Determine l(r).
1
Let m(c) = 431*c - 219*c - 211*c. Calculate m(6).
6
Let d(q) = 0*q**3 + q**3 + 72*q**2 - 73*q**2 + 2 - q + 0. Calculate d(0).
2
Let s be (-3)/((-3)/4*2/(-4)). Let x(v) = v**3 + 7*v**2 - 10*v - 9. Calculate x(s).
7
Let t(d) be the third derivative of -1/24*d**4 + 0 + 0*d**3 + d**2 + 0*d. What is t(-2)?
2
Let f(s) be the second derivative of -s**5/20 + s**4/2 - s**3/3 + 7*s. What is f(5)?
15
Let j(v) = v**3 - 1 - 75*v + 6*v**2 + 3 + 70*v. Calculate j(-7).
-12
Let m(h) be the second derivative of -h**5/20 - h**4/3 + h**3/6 + 2*h**2 - 4*h. Give m(-3).
-8
Let o(u) = -u + 24. Let y(t) = -t + 26. Let a(b) = -7*o(b) + 6*y(b). Give a(10).
-2
Suppose 10*j = j - 63. Let m(l) = -2*l - 7. Give m(j).
7
Let t(c) = -4*c - 6. Let x(z) = z**2 - 5*z - 1. Let v be x(4). Calculate t(v).
14
Let x = -64 - -61. Let d(l) = -4 + l + 4. Calculate d(x).
-3
Let v(l) = l + 6. Suppose 0 = -3*x - 0*x. Let y be (-7 - 0)/(x - -1). Let o(f) = f + 3. Let c be o(y). What is v(c)?
2
Suppose 2*a + 4*h = 3*a + 19, -a + h = 7. Let l(r) = -r**2 - 4*r - 1. Give l(a).
2
Suppose 5*k + 8 = -22. Let j(w) = -w**3 - 7*w**2 - 8*w - 3. Give j(k).
9
Let f = 1 + 1. Suppose 4*a - f*a = 2*h - 4, 2*a = 3*h - 8. Let i(g) = -g**3 + 5*g**2 - g - 1. What is i(h)?
11
Let s = -2 - 0. Let x(i) = -i**2 - i + 1. Let t be (0 + -3)*(-2 + 3). Let r(j) = -2*j**2 - 2*j + 2. Let y(z) = t*r(z) + 5*x(z). Determine y(s).
1
Let k(j) = j**3 - 4*j**2 - j + 3. Let p(a) = -a**3 + 5*a**2 + a - 4. Let g(m) = -3*k(m) - 2*p(m). Let u be 3*20/48 - (-2)/(-8). Determine g(u).
1
Let q = 6 + -4. Let a(s) = s**2 + 2*s - 1. Let h(r) = -1. Let f(k) = a(k) + 2*h(k). Give f(q).
5
Suppose t = -3*t + 20. Let g = t + -6. Let j(m) = 16*m**3 - m. What is j(g)?
-15
Let t(z) = 3*z**3 + 14*z**2 - z - 3. Let l(p) = -p**3 - 5*p**2 + 1. Let d(f) = 8*l(f) + 3*t(f). Give d(-3).
-1
Let o(t) be the third derivative of -t**8/20160 + t**7/1008 - t**5/15 + 7*t**2. Let q(v) be the third derivative of o(v). Calculate q(4).
4
Let z(y) = -y**2 + 3*y - 3. Let s be z(2). Let l be -1 - s/((-2)/(-4)). Let h(q) be the first derivative of 7*q**4/4 - q**3/3 + q**2 - q - 2. Calculate h(l).
7
Let x(l) = -l - 3. Let i = -4 - -1. Determine x(i).
0
Let q(g) = g**3 - 9*g**2 + 9*g - 13. Let w be q(8). Let m(d) = -2*d**2 - 1 - 2 - 25*d + 0. Let a(x) = -x**2 - 12*x - 2. Let t(h) = 9*a(h) - 4*m(h). Give t(w).
9
Let v(y) = -2*y**2 + 2*y. Let k be v(2). Let f(i) = i + 2. Calculate f(k).
-2
Let s(t) = 4 - 4*t**2 - 1 - 2*t + 2*t**3 + 0*t**2. What is s(3)?
15
Let k(x) = -1 - 11*x**2 - 2*x**3 + 11*x**2 - x. Give k(-1).
2
Let o(l) be the first derivative of -2*l**4/3 - l**2/2 + l + 2. Let k(r) be the first derivative of o(r). Let w = 7 + -6. What is k(w)?
-9
Let t(y) = y**3 - 5*y**2 + 4*y - 3. Suppose 2*u + 7 = 1. Let a be -1 - -3 - (u + 1). Determine t(a).
-3
Suppose 8*o - 3*o = -80. Let j = -3 + 14. Let v = o + j. Let x(m) = m + 6. Determine x(v).
1
Suppose -5*h - h = 0. Let j(n) = -n**3 + n**2 - n - 2. What is j(h)?
-2
Let o be (-40)/(-12) + (-6)/(-9). Let d(m) be the third derivative of 2*m**2 + 0*m**o + 0*m + 0 - 1/6*m**3 + 1/60*m**5 + 1/120*m**6. Determine d(1).
1
Suppose 0 = 5*p - 15, -11 = 2*l - 3*p + 2*p. Let h be (-2 + 3)/(1/l). Let q(x) = 2*x - 3*x + 2*x - 3. Calculate q(h).
-7
Let n(a) = a**3 + a**2 - a. Suppose -3*z - 3*s = -51, 4*s = 2*z - 28 + 6. Let i be (-3)/((-15)/(-2))*z. Let m = i + 7. What is n(m)?
1
Let c(b) be the first derivative of 1/12*b**4 - 1/2*b**3 + 0*b**2 - 1 - b. Let q(f) be the first derivative of c(f). What is q(5)?
10
Let k(m) = m**2 - 3*m**3 + 2*m**2 - 2*m**2 + 0*m**2 + 1 + m. Calculate k(-1).
4
Let t(w) be the second derivative of w**4/12 + w**3/2 - w**2/2 + 2*w. Calculate t(-4).
3
Let h(m) = m**3 + 8*m**2 + 6*m - 3. Let r = 56 - 63. Calculate h(r).
4
Let p(r) = 0 - 11 + 1 - r. What is p(-8)?
-2
Let q be ((-6)/7)/((-1)/(-7)). Let o(r) = -r + 5. What is o(q)?
11
Let o(k) = k**2 + 3*k - 2. Suppose 3*i + 3 = 3*c, -i = 3*i - 2*c - 6. Suppose -4*r - p + 28 = -9*r, -4*r = i*p + 8. Determine o(r).
8
Let k(r) = -3*r + 0 - 4 + 7 + 0. What is k(2)?
-3
Let z(l) = -l**3 + 4*l + 4. Let m be z(-2). Let w(y) = 2 + y - 5*y**2 - y + 4*y + y**3. What is w(m)?
2
Let y(u) be the third derivative of -1/12*u**4 - 1/30*u**5 + 0 - u**2 + 1/6*u**3 - 1/360*u**6 + 0*u. Let b(d) be the first derivative of y(d). Determine b(-2).
2
Suppose 3*k - 4*k = 5*z - 20, -80 = -4*k - 5*z. Let n = k - 23. Let a(q) = q + 1. What is a(n)?
-2
Let n(o) = -o**2 - 6*o - 6. Let z be n(-6). Let x(d) = -6*d**3 - 12*d**2 - 9*d - 4. Let j(m) = m**3 + m**2 - 1. Let h(k) = 5*j(k) + x(k). Calculate h(z).
9
Let d(x) = -x + 1. Let c(o) = o**3 + 6*o**2 + 3*o + 3. Let w(h) = -c(h)